e k(6). Suppose 140 = 3*t - 2*n, -5*t + 0*n + 3*n = -232. Suppose v = s - t. What is the units digit of s?
6
Suppose 0 = -d + 4*d - 4*p + 79, 2*p = d + 29. Let q = 112 - 166. Let b = d - q. What is the units digit of b?
3
Suppose -13 = -4*i + 43. Let k = -8 + i. Suppose k = a + a. What is the units digit of a?
3
Let n be 4 - 0 - (-5 + 2). Let s(b) = b**3 - 4*b**2 + 3*b + 25. What is the hundreds digit of s(n)?
1
Let z be (3 - 0)/(2*(-6)/(-16)). What is the units digit of 57/4*(256/12)/z?
6
Let f(c) = -2*c**3 - 22*c**2 + 3*c - 2. What is the units digit of f(-14)?
2
Let t = 27 + -27. Suppose 50 = -t*y + y. What is the tens digit of y?
5
Let w(o) = -5*o**2 - 11 - 2*o**2 + 30*o + 5*o**2 + 6*o**2. What is the tens digit of w(-10)?
8
Suppose -20 = 3*k - 5*l + 60, -3*k - 2*l = 52. Let c(g) = g**3 + 15*g**2 + 26*g - 3. Let z be c(-13). What is the units digit of (z - 68/k)*5?
2
Suppose -g - 3*s = -91, -67 = 2*g + 4*s - 259. Let k = g + -63. What is the tens digit of k?
4
Let t = -20 - -3. Let a = 8 + t. What is the units digit of 183/12 + a/(-12)?
6
Suppose -11*v - 308 = -18*v. What is the units digit of v?
4
Let d(s) be the third derivative of -s**4/4 - 5*s**3/3 + s**2. Let y be -4 - 7/((-14)/(-10)). What is the units digit of d(y)?
4
Let w = -19 - -14. Let s = w - -8. Suppose -2*b - o + s = -0*b, 2 = 3*b - o. What is the units digit of b?
1
Let c(a) = 2*a**2 - 4. Let r be c(4). Suppose 3*y + 1 - 15 = 2*b, b - 3*y + 10 = 0. Let v = b + r. What is the tens digit of v?
2
Let m be ((-70)/(-28))/(2/500). Suppose 15*c - m = 10*c. What is the hundreds digit of c?
1
Suppose 0 = -4*l + o + 2301, l - 338 = -4*o + 216. What is the units digit of l?
4
Suppose 12 = -3*s + 4*s. Let z(r) = -r**2 + 17*r - 9. What is the units digit of z(s)?
1
Let o(i) = -i**3 + i + 368. Let y be o(0). Suppose 4 = 5*h - h, y = 4*b + 4*h. What is the units digit of b?
1
Let y(h) = -11*h**2 + 25*h + 50. Let r(z) = 7*z**2 - 17*z - 33. Let a(u) = -8*r(u) - 5*y(u). Let l be a(12). Suppose -l = -w + 8. What is the tens digit of w?
1
Suppose 11*t - 6*t - 10 = 0. What is the tens digit of t - (3*146)/(-3)?
4
Let q(l) = -54 + 8*l + 17 + 22. What is the units digit of q(6)?
3
Let d = -203 - -993. What is the hundreds digit of d?
7
Let r be 28/8 + (-9)/6. Let w(v) = -v**2 + v + 1. Let l(h) = -h**3 + h**2 - 5*h. Let d(g) = r*w(g) + l(g). What is the tens digit of d(-3)?
2
What is the units digit of 12595/17 - 6/51*-1?
1
What is the units digit of (3 - (-5394)/9) + (-20)/15?
1
Suppose 0 = -4*j - 4*w - 68, 0*w - 3*w = 2*j + 37. Let k = -13 - j. Let q(u) = u**3 + u - 1. What is the units digit of q(k)?
1
Let q be -2*((-24)/16 - -1*1). What is the units digit of -2 + q - (-14 + 2)?
1
Suppose 2*y + 3*h + 852 = 6807, -4*y - h + 11915 = 0. What is the units digit of y?
9
Suppose 4*b - 3*a = 1613, -560 - 666 = -3*b - a. What is the units digit of b?
7
What is the units digit of 275/(-15)*(-6)/5?
2
Suppose f - 5*c = -c + 105, 0 = -3*f - 4*c + 379. What is the hundreds digit of f?
1
What is the tens digit of (273/(-42))/((-1)/134)?
7
Suppose -2*h + 6*h = 2*u - 102, -2*u + 114 = 2*h. What is the units digit of (-410)/(-4)*88/u?
4
Let y = -1475 - -2654. What is the units digit of y?
9
Let h = 7 + -6. Let x = -3 - h. Let p = x + 6. What is the units digit of p?
2
Suppose -2*a = 3*a - 10. Suppose 12 = 4*k - 5*s, 0*k - a*s - 6 = -2*k. Suppose k*d - 5*d = -44. What is the tens digit of d?
2
Let z(g) = -2*g + 16. Let b be z(7). What is the tens digit of (-288)/(-13) + b/(-13)?
2
Suppose -i - 4*f - f + 1668 = 0, 5*i - 3*f = 8312. What is the thousands digit of i?
1
Let h(q) = -18 + 5 - 42*q + 33. What is the tens digit of h(-6)?
7
Let u be (-6)/(-4) + 133/(-14). Let j be -7*-1*(0 + 2). Let l = j + u. What is the units digit of l?
6
Let t be (12 + -9)*(-5)/(-3). Suppose -2*p - t = -13. Let x = p + -2. What is the units digit of x?
2
Let p = 91 + -95. What is the tens digit of -2*(-8)/p + 104?
0
Let b = 242 - 140. Suppose 6*h - b = 4*h. What is the tens digit of h?
5
Let f(c) = -7*c + 10. Let b be f(-9). Suppose b = a - 2*a. Let r = a - -142. What is the units digit of r?
9
What is the hundreds digit of (70/21)/((-2)/(-612))?
0
Let i be ((-3)/(-1))/(-12) - 34/(-8). What is the tens digit of i*(-4)/8*39/(-6)?
1
Let a = -21 + 0. Let j = -22 - a. What is the tens digit of 12 - (j + -5 + 3)?
1
What is the hundreds digit of 3016 - 6/(30/(-25))?
0
Let v = 2343 + -1040. What is the tens digit of v?
0
Let o(l) = 20*l**3 + 4*l**2 - 7*l + 25. What is the hundreds digit of o(3)?
5
Let v(z) = -3*z**2 + 1. Let d be v(1). What is the tens digit of d - (-10)/4*8?
1
Let s = 124 + -78. Suppose 3*n = 2*q - 3*q - s, -2*n + 5*q - 59 = 0. What is the units digit of 1/((-35)/n + -2)?
7
Let b be 3/5 - (-238)/70. What is the tens digit of ((-3 - -3)/b)/1 - -62?
6
Suppose -4*q = -3*y + 16, -85 = -5*y - 3*q - 2*q. Let c be -10 + y + (-3 - 1). What is the tens digit of 292/6 + c/(-6)?
4
Suppose -4*t + 9 = -t. Suppose 20 = -4*g, 2*q + t*g = -0*q - 9. Let b = q + 4. What is the units digit of b?
7
Let x(w) = -2*w - 18. Let p be x(-10). Suppose -5*v = 5*j - 285, -5*v + j = -p*j - 309. What is the tens digit of v?
6
Let m be -6 + 1 + (3 - -1) + 521. Suppose 11*z = 7*z + m. What is the hundreds digit of z?
1
Suppose -2*x + c + 1738 = 3*x, x - 356 = 3*c. What is the hundreds digit of x?
3
Let g(r) = 4*r**3 + 13*r**2 + 2*r - 6. What is the hundreds digit of g(6)?
3
Suppose -8140 = -2*x - 5*z, 0 = -x - 4*z + 2229 + 1838. What is the tens digit of x?
7
Let d(f) = 38*f**2 + 12*f + 28. What is the hundreds digit of d(7)?
9
Let r(x) be the third derivative of -x**4/24 + 11*x**3/2 - 5*x**2. What is the tens digit of r(12)?
2
Let h = 525 - 194. Suppose -3*b = -2*j - 545, 4*b - 405 = 5*j + h. What is the hundreds digit of b?
1
Suppose -5*d = 2*p + 26 - 2, -48 = 4*p + 4*d. Let c(z) = z + 17. Let s be c(p). Suppose 0*o + s*o = 405. What is the units digit of o?
1
Let b = 0 - -20. What is the units digit of 14 - 0*5/b?
4
Let v = -4006 - -8056. What is the units digit of v?
0
Let c = 8 + 4. Let q be (6/(-4))/(c/(-200)). Suppose -79 + q = -p. What is the tens digit of p?
5
What is the hundreds digit of 287/35 + -9 + 5318/10?
5
Suppose -1047 = 5*w - 5*i + i, -633 = 3*w - 4*i. Let x = -65 - w. What is the hundreds digit of x?
1
Let c = -38 + 42. Let d(x) = x**3 - 6*x**2 + 12*x - 6. What is the units digit of d(c)?
0
Suppose 0 = -5*h + 4090 + 5840. What is the hundreds digit of h?
9
Let w = 70 - 66. What is the units digit of 1/10*w - 1458/(-30)?
9
Suppose y + 4144 = 5*y - 2*d, 0 = 2*y - 2*d - 2072. What is the units digit of y?
6
Let f = -597 + 1110. What is the hundreds digit of f?
5
Suppose 3*r - 4569 = -3*s, -5*r + s + 2149 + 5448 = 0. What is the thousands digit of r?
1
Let g(m) = m**2 + 2*m - 12. Let o be g(-5). Suppose -o*j + 14 - 2 = 0. What is the units digit of j?
4
What is the units digit of 2/(-6) + (-1286)/(-6)?
4
Let r(y) = -2*y**3 - 31*y**2 - 28*y + 26. What is the hundreds digit of r(-15)?
2
Suppose -3*c + 3 = 2*m, -18 = 3*m + c - 4*c. What is the units digit of 507/(-26)*8/m?
2
Let y(b) = -60*b - 358. What is the units digit of y(-33)?
2
Let w(i) = 19*i**2 - 9*i + 21. Let o be w(4). Let k = o - 175. What is the units digit of k?
4
Suppose -2*b + 0*b = 2*s - 2, s + 4*b + 2 = 0. Suppose -71 = -x - 4*t, -x - 3*t + 66 = s*t. What is the units digit of x?
1
Suppose -16*a + 4748 + 3188 = 0. What is the units digit of a?
6
What is the tens digit of 491144/406 + (4/(-14))/(-1)?
1
Let f(x) = -11*x**2 - 8 + 6 + 0*x**3 - x**3 + 18*x - 7. What is the units digit of f(-13)?
5
What is the hundreds digit of (2 - 438/(-24))/((-5)/(-220))?
8
Let u = 13 - -265. What is the hundreds digit of u?
2
Let t = 14 + 21. What is the units digit of t + (3 - 8)/5?
4
Suppose -1 = -z - 4*o + 21, 5 = 5*z - o. Suppose -x = z*x. What is the units digit of (-1)/(-1) + (2 - x)?
3
Let b = -558 + 2902. What is the thousands digit of b?
2
Let y be ((-1)/3)/(6/126). Let z(j) = 2*j**2 + 4*j - 16. What is the tens digit of z(y)?
5
Suppose 4*c - 33 = -5*z - 1, 2*z + 7 = 5*c. Suppose -55 = -c*q + d + 65, -5*d + 56 = q. What is the tens digit of q?
4
Let c(y) = -y**2 + 2*y + 9. Let j be c(-5). Let z = -25 - j. What is the units digit of (3 - 27*-2)*z?
7
Let g(q) = 12 + 31*q - 22 + q. 